213120
Convert 101070 (base 9) to base 11.
40a61
458 (base 10) to base 2
111001010
Convert 14507 (base 8) to base 16.
1947
-128d (base 15) to base 3
-12102121
Convert 10202121 (base 3) to base 2.
101010110111
-18162 (base 9) to base 5
-400110
-12301 (base 4) to base 11
-364
1061 (base 7) to base 6
1442
-1432 (base 8) to base 13
-491
-134 (base 10) to base 9
-158
What is 703 (base 13) in base 16?
4a2
-38913 (base 11) to base 15
-11769
Convert 121 (base 15) to base 14.
144
-385 (base 9) to base 13
-1b8
Convert -24 (base 14) to base 8.
-40
What is 48d (base 15) in base 7?
3004
Convert -4a0c (base 15) to base 10.
-15762
What is 3456 (base 7) in base 4?
103302
-993 (base 11) to base 14
-611
What is -a36a (base 15) in base 9?
-52321
What is -314331 (base 5) in base 2?
-10100101011111
-10100001100011 (base 2) to base 11
-784a
3e9 (base 15) to base 12
626
Convert -409 (base 15) to base 7.
-2436
What is 21a (base 16) in base 12?
38a
2120 (base 5) to base 12
1b9
Convert -106171 (base 8) to base 3.
-1211022220
What is 39 (base 10) in base 12?
33
What is 1110101201 (base 3) in base 2?
111000000110000
Convert 1411 (base 7) to base 12.
397
d49 (base 15) to base 16
bb2
Convert -32410 (base 6) to base 16.
-1176
Convert 12c (base 15) to base 16.
10b
Convert -53333 (base 6) to base 16.
-1c59
What is 240030 (base 5) in base 13?
3cb3
Convert 3b (base 12) to base 3.
1202
Convert -3910 (base 10) to base 16.
-f46
Convert -824 (base 11) to base 10.
-994
5043 (base 6) to base 11
917
a9a1 (base 11) to base 13
67b2
Convert -1201201 (base 3) to base 2.
-10011101101
What is -12302030 (base 4) in base 10?
-27788
What is -12331 (base 5) in base 7?
-2550
226a (base 11) to base 14
112c
What is a18 (base 15) in base 10?
2273
Convert -ada (base 14) to base 5.
-32102
What is -9a1e (base 16) in base 11?
-27708
What is -4856 (base 13) in base 3?
-112000012
-51 (base 10) to base 13
-3c
Convert 131 (base 14) to base 3.
22212
What is -813 (base 16) in base 6?
-13323
Convert 1723 (base 8) to base 14.
4dd
213333 (base 4) to base 3
10111210
What is 524 (base 16) in base 8?
2444
What is -315cb (base 13) in base 9?
-144838
24402 (base 5) to base 13
ac6
220133 (base 4) to base 3
10112222
What is -24468 (base 10) in base 2?
-101111110010100
-10001010101 (base 2) to base 11
-919
What is 122 (base 9) in base 6?
245
What is -1103 (base 9) in base 5?
-11223
-7954 (base 13) to base 9
-25244
-161042 (base 7) to base 8
-75542
What is 11001110 (base 2) in base 16?
ce
Convert -1083 (base 14) to base 2.
-101100101011
13341 (base 5) to base 4
101020
What is -23152 (base 9) in base 11?
-10664
5216 (base 8) to base 13
12cb
Convert -4f (base 16) to base 13.
-61
Convert -2431 (base 5) to base 9.
-446
Convert -145013 (base 7) to base 5.
-1400021
-1113 (base 14) to base 11
-2249
What is 1003002 (base 5) in base 8?
37202
What is 11303 (base 4) in base 10?
371
-13110 (base 4) to base 11
-396
What is 13aa (base 15) in base 4?
1001302
Convert -1133132 (base 5) to base 11.
-1489a
-1450 (base 8) to base 13
-4a2
What is -1111211 (base 5) in base 13?
-8b94
What is -113111 (base 4) in base 6?
-10525
What is 5772 (base 10) in base 13?
2820
What is -203325 (base 6) in base 8?
-37705
Convert -890 (base 10) to base 13.
-536
Convert 3839 (base 13) to base 16.
1f37
What is -12b1 (base 12) in base 16?
-865
104320 (base 5) to base 12
2192
Convert -385 (base 13) to base 5.
-4431
Convert 18194 (base 10) to base 6.
220122
What is -10222002 (base 3) in base 11?
-2199
2010011 (base 3) to base 10
1543
50d (base 15) to base 14
5b4
1022342 (base 5) to base 7
101132
What is -29d4 (base 14) in base 3?
-101012111
-ab0b (base 12) to base 15
-58d5
120012 (base 4) to base 10
1542
Convert -10110000110 (base 2) to base 7.
-4060
8e1 (base 16) to base 7
6425
What is 30210 (base 4) in base 8?
1444
What is -121300 (base 4) in base 8?
-3160
506 (base 12) to base 2
1011010110
Convert 568 (base 14) to base 13.
646
What is -1100111100 (base 2) in base 16?
-33c
Convert -3510 (base 7) to base 11.
-a65
Convert 5134 (base 6) to base 13.
697
-15231 (base 7) to base 5
-113421
Convert -1104 (base 9) to base 8.
-1456
Convert -282 (base 9) to base 10.
-236
Convert 8bb (base 15) to base 6.
13052
What is -7846 (base 9) in base 11?
-4397
Convert -9bf (base 16) to base 12.
-153b
What is -97d8 (base 14) in base 2?
-110011010010010
What is -1836 (base 9) in base 6?
-10310
What is aaa (base 11) in base 3?
1211021
What is 328c (base 13) in base 11?
5325
What is -24455 (base 7) in base 11?
-48a8
What is 100011010 (base 2) in base 6?
1150
Convert -1112120002 (base 3) to base 6.
-352132
100110000101000 (base 2) to base 16
4c28
Convert -3196 (base 10) to base 7.
-12214
Convert -8ad (base 15) to base 2.
-11110101011
Convert 3c5 (base 16) to base 15.
445
Convert 424111 (base 5) to base 12.
8321
Convert 58801 (base 10) to base 5.
3340201
What is -111000011011111 (base 2) in base 10?
-28895
Convert -2387 (base 12) to base 7.
-14431
710 (base 11) to base 12
5b6
Convert 16af (base 16) to base 11.
43aa
5328 (base 16) to base 8
51450
Convert 77 (base 16) to base 7.
230
-100000 (base 2) to base 8
-40
Convert -22003 (base 4) to base 13.
-3a6
2714 (base 8) to base 2
10111001100
What is 101010000 (base 2) in base 6?
1320
Convert -445 (base 11) to base 8.
-1025
What is 3032 (base 4) in base 5?
1311
What is 1213133 (base 5) in base 13?
a57c
3057 (base 12) to base 2
1010010000011
What is 332115 (base 6) in base 5?
1341240
What is 4432 (base 8) in base 10?
2330
What is 16dcc (base 14) in base 10?
57608
What is -1604 (base 8) in base 15?
-400
19ac (base 14) to base 5
122120
-a76 (base 15) to base 10
-2361
-73461 (base 9) to base 14
-1395b
What is 2012102 (base 3) in base 7?
4451
2012021 (base 3) to base 10
1600
What is 10110011101 (base 2) in base 6?
10353
What is 442 (base 12) in base 14?
32a
11111111 (base 2) to base 4
3333
313323 (base 6) to base 12
12843
Convert 12221 (base 4) to base 2.
110101001
Convert 650 (base 9) to base 12.
383
Convert 55e (base 16) to base 7.
4002
11011 (base 5) to base 9
1030
-310032 (base 4) to base 8
-6416
-1540 (base 7) to base 14
-320
Convert 1905 (base 15) to base 5.
133110
Convert -10a (base 11) to base 15.
-8b
Convert 2a8 (base 11) to base 10.
360
123570 (base 8) to base 12
20988
-11723 (base 8) to base 15
-1785
1110220 (base 3) to base 10
1077
What is 3788 (base 12) in base 14?
241a
110202121 (base 3) to base 12
5474
Convert -263 (base 13) to base 11.
-351
What is 26265 (base 8) in base 6?
124553
Convert -110100101000 (base 2) to base 12.
-1b48
-176 (base 14) to base 8
-454
2240220 (base 5) to base 11
28109
Convert 604 (base 13) to base 5.
13033
What is 50350 (base 6) in base 5?
202433
Convert -b4a (base 13) to base 14.
-9b3
Convert -756 (base 13) to base 10.
-1254
What is -21636 (base 8) in base 9?
-13451
What is 68 (base 14) in base 10?
92
What is 163a (base 12) in base 11?
1a89
What is -343 (base 13) in base 15?
-277
Convert 200210112 (base 3) to base 7.
54644
What is -3dd1 (base 14) in base 11?
-8267
Convert -12 (base 13) to base 11.
-14
Convert 837a (base 12) to base 15.
43ba
-271 (base 8) to base 14
-d3
Convert 101001000010110 (base 2) to base 8.
51026
What is -215 (base 7) in base 3?
-11002
Convert -238 (base 11) to base 12.
-1b7
What is 1284 (base 9) in base 12?
687
Convert 983 (base 11) to base 9.
1551
-3040 (base 5) to base 11
-32a
What is -1c00 (base 16) in base 14?
-2880
Convert 13350 (base 7) to base 16.
e1c
Convert -460 (base 12) to base 8.
-1210
What is 551 (base 11) in base 16?
295
62c (base 14) to base 13
727
What is -9a (base 14) in base 13?
-a6
10100010000 (base 2) to base 4
110100
-404 (base 6) to base 13
-b5
What is -30000231 (base 4) in base 8?
-140055
Convert -a0a6 (base 14) to base 13.
-c730
Convert 11122200 (base 3) to base 6.
23413
Convert -1112130 (base 4) to base 14.
-2032
270 (base 9) to base 10
225
337 (base 13) to base 9
674
-1002302 (base 4) to base 6
-31442
What is 26323 (base 8) in base 6?
125043
-14232 (base 6) to base 4
-203030
635 (base 7) to base 16
140
Convert 1001321 (base 4) to base 16.
1079
Convert -11111010101 (base 2) to base 6.
-13141
Convert 21201121 (base 3) to base 10.
5632
Convert -5343 (base 9) to base 13.
-1a31
What is 202212 (base 3) in base 8?
1063
What is -3ba4 (base 14) in base 6?
-120432
